 -2343 - -124124030?
124121132
In base 16, what is f1fd + -147?
f0b6
In base 10, what is 9977 + -1536?
8441
In base 15, what is 1 - 7267c3?
-7267c2
In base 2, what is 100101100101110 + 1101?
100101100111011
In base 12, what is -21 - -537765?
537744
In base 11, what is -30 + a13943?
a13913
In base 11, what is -24 - 808a8?
-80921
In base 6, what is 1030 - -44431?
45501
In base 2, what is -1010010101 + 10001001001111011?
10000111111100110
In base 12, what is 211 - -1344a?
1365b
In base 3, what is -11 - -10121101201002102?
10121101201002021
In base 16, what is 206e04 + 4?
206e08
In base 13, what is -5a21782 - 10?
-5a21792
In base 14, what is 156c68b + 7?
156c694
In base 3, what is 121 - -11100220022112?
11100220100010
In base 3, what is -20 + 222010211222010?
222010211221220
In base 15, what is 1b657 - -88?
1b6e0
In base 6, what is -2521354340 - 3?
-2521354343
In base 6, what is 5 - -2332341?
2332350
In base 16, what is 20336 - 3a?
202fc
In base 14, what is -246 - c8584?
-c87ca
In base 12, what is -2a - -422249b?
4222471
In base 13, what is 5052 + 3963?
89b5
In base 14, what is a04b483 - 17?
a04b46a
In base 4, what is 20 - -20220121121223?
20220121121303
In base 4, what is 0 - 2023223212?
-2023223212
In base 6, what is 10251 - -1135002?
1145253
In base 5, what is 202410 + -10320?
142040
In base 14, what is 25a - 91277?
-9101b
In base 6, what is -1044125434 - 4?
-1044125442
In base 14, what is -2 + 1916c4b?
1916c49
In base 10, what is -73103612 + 17?
-73103595
In base 7, what is -6653000315 + -2?
-6653000320
In base 4, what is 200112113121 + -2?
200112113113
In base 15, what is 45da + 31?
461b
In base 9, what is -55000120 - 0?
-55000120
In base 10, what is 13551014 - -39?
13551053
In base 6, what is 321113232525 - 1?
321113232524
In base 16, what is -1bdaf80 - -5?
-1bdaf7b
In base 5, what is -31 - -2331234?
2331203
In base 13, what is 22ca277 - -5?
22ca27c
In base 15, what is -2 + -b46cb0?
-b46cb2
In base 6, what is -15 - 3040121204?
-3040121223
In base 11, what is -1 + 73a7a83?
73a7a82
In base 6, what is -210350 - 43131?
-253521
In base 3, what is -2021 + -120212220021?
-120212222112
In base 12, what is -3 - -208407a8?
208407a5
In base 15, what is 78c466 + -7?
78c45e
In base 9, what is -4 - 140104116?
-140104121
In base 3, what is -1202000100122222 + -10?
-1202000100200002
In base 8, what is 71412 - 625?
70565
In base 15, what is -4605 - -66b?
-3e89
In base 13, what is -8243 + -5162?
-103a5
In base 16, what is -43becc4 + -13?
-43becd7
In base 15, what is 82 - -25dcc?
25e5e
In base 14, what is -17d6 + -39c?
-1b94
In base 2, what is -11000000 + 111011011001110100?
111011010110110100
In base 15, what is 49a - 542?
-97
In base 15, what is 142c11eb + -1?
142c11ea
In base 6, what is 2445114 - 21523?
2423151
In base 14, what is -9 + -153245?
-153250
In base 3, what is 1 - 10021220211220?
-10021220211212
In base 9, what is -268353 - -23?
-268330
In base 15, what is 50531a7 - 4?
50531a3
In base 10, what is 4 - -5963456?
5963460
In base 12, what is -561 - 394a1?
-39a42
In base 13, what is 154040 - -4?
154044
In base 2, what is 10 + -10111101011000101110011?
-10111101011000101110001
In base 11, what is -23 + 1275a709?
1275a696
In base 14, what is -4690360 - -1?
-469035d
In base 14, what is a + -1c670?
-1c664
In base 12, what is -545 - -4644?
40bb
In base 14, what is -8835 + -437?
-8c6c
In base 16, what is -cb5aee + 2?
-cb5aec
In base 2, what is 1101001000101100010000 - -10110?
1101001000101100100110
In base 8, what is 257 - 24437?
-24160
In base 11, what is 13344910 + 6?
13344916
In base 3, what is 11 - -12010220000220?
12010220001001
In base 13, what is -51 - -356?
305
In base 4, what is -11310 - 303203201?
-303221111
In base 16, what is -3 + -9416f6?
-9416f9
In base 11, what is -39826 - 333?
-3a059
In base 16, what is c09 - 564dd?
-558d4
In base 5, what is -11224323 + -1340?
-11231213
In base 16, what is -295319 - -1?
-295318
In base 7, what is -3322 - -36545?
33223
In base 14, what is c0 - -20aa2?
20b82
In base 6, what is 41112313 - 3?
41112310
In base 14, what is 33 - b8057?
-b8024
In base 11, what is -a75321 - 23?
-a75344
In base 2, what is 1011 + 110011100100010101?
110011100100100000
In base 8, what is -613 - 402513?
-403326
In base 14, what is 31ccb - -7d4?
326c1
In base 9, what is 4 - -6744311?
6744315
In base 3, what is -2 + 11102212010112121?
11102212010112112
In base 15, what is 3 + -14093ce?
-14093cb
In base 2, what is 10010000100011011110011101 - 10?
10010000100011011110011011
In base 4, what is 223132 - 30233020?
-30003222
In base 14, what is 24cb7 - 57?
24c60
In base 8, what is 0 + -20732732?
-20732732
In base 4, what is 22031320 + 111213?
22203133
In base 13, what is 80c745 + -11?
80c734
In base 15, what is -175a61 - -a?
-175a56
In base 9, what is 13 + -8045668?
-8045655
In base 12, what is 2 + a560039?
a56003b
In base 14, what is 4d82dca + 4?
4d82dd0
In base 7, what is -5 - 1363204333?
-1363204341
In base 8, what is -10 - 1256274?
-1256304
In base 9, what is 4 - 172522364?
-172522360
In base 13, what is 508 - 60b?
-103
In base 7, what is -2520 + -142343?
-145163
In base 3, what is -1122111 + 101012210010?
101011010122
In base 9, what is 4 - 2660482?
-2660477
In base 5, what is -202320004 - -1?
-202320003
In base 2, what is -111001000111010010 - -110?
-111001000111001100
In base 8, what is 223732037 + -6?
223732031
In base 3, what is 20022 + -21010212?
-20220120
In base 12, what is -18 + -30a080?
-30a098
In base 13, what is c23b + -ac4?
b447
In base 11, what is -4 - -49079?
49075
In base 8, what is 24 - 647242?
-647216
In base 7, what is -154444306 - 5?
-154444314
In base 5, what is 1014441233 + 122?
1014441410
In base 4, what is 121322201 - -213?
121323020
In base 9, what is 288 - 124141?
-123742
In base 15, what is d5 + 7b7a?
7c60
In base 2, what is 1000011011001110 + 111111110011100?
10000011001101010
In base 3, what is 121001 - 212110202?
-211212201
In base 12, what is -3a5504b - 39?
-3a55088
In base 3, what is 22 - 10201120201120?
-10201120201021
In base 16, what is 6 + -1c751e8?
-1c751e2
In base 16, what is 2065 + 4de8?
6e4d
In base 8, what is -26134 - 32301?
-60435
In base 14, what is 13d806 + b?
13d813
In base 9, what is 5 - 213744651?
-213744645
In base 7, what is 214 - 266664?
-266450
In base 4, what is -2022113223120 + 11?
-2022113223103
In base 15, what is 283a - 36c?
24bd
In base 12, what is -b0652 - 27?
-b0679
In base 2, what is 1010110 - -101010010001010011?
101010010010101001
In base 2, what is -10011100011001010000000 + 110?
-10011100011001001111010
In base 14, what is 305 - -1378b?
13a92
In base 14, what is -137 + -3da475?
-3da5ac
In base 16, what is 520f - 17b?
5094
In base 2, what is -1 - 1111001001000001001110001?
-1111001001000001001110010
In base 14, what is -112a83 + 10?
-112a73
In base 6, what is 4 - 30524215501?
-30524215453
In base 14, what is 1 + 7162b1?
7162b2
In base 10, what is -42557418 + -3?
-42557421
In base 13, what is b717b - 0?
b717b
In base 4, what is 0 + 1101202331223?
1101202331223
In base 3, what is -110111211102 - 1110001?
-110120021110
In base 16, what is -feb5c - -5?
-feb57
In base 3, what is -20100100220021 - -11101?
-20100100201220
In base 2, what is 1010 - -1111001011110110011001?
1111001011110110100011
In base 7, what is 1 + -16253223?
-16253222
In base 15, what is -25a6 + -6e?
-2625
In base 16, what is -9e02 + 216?
-9bec
In base 2, what is 1101110 - 11000111101010111000011?
-11000111101010101010101
In base 8, what is -134007255 + -5?
-134007262
In base 14, what is 3 - -35a5d1?
35a5d4
In base 9, what is -3 + 45706272?
45706268
In base 4, what is 3231 + 1100211330?
1100221221
In base 13, what is 1a29 - -24c68?
26994
In base 6, what is 13 - -1355211344?
1355211401
In base 10, what is 1525 + 6236?
7761
In base 12, what is -5a0307b9 - 0?
-5a0307b9
In base 2, what is 1100000011111 + -110000001110?
110000010001
In base 16, what is 42be8bce + -4?
42be8bca
In base 3, what is 10 - -220101022210100?
220101022210110
In base 8, what is -7 - -3376513?
3376504
In base 16, what is -289537 - af?
-2895e6
In base 14, what is 42313 - 331?
41dc2
In base 5, what is 21 + 10102204224?
10102204300
In base 8, what is 160 - 407226?
-407046
In base 3, what is -20102 + -100121221012?
-100122011121
In base 5, what is 